 is w(g)?
2
Let q(s) = -8*s**2 - 10. Let z(h) = 5*h**2 + 7. Let x(a) = 5*q(a) + 7*z(a). Suppose -u - 3 = 2. Let i be (-3)/(-15) + 6/u. What is x(i)?
-6
Let p(x) = x**2 - 6*x + 7. Let h(z) = -z**2 - 12*z - 33. Let q be h(-7). Determine p(q).
-1
Let b(k) be the first derivative of k**4/4 + 17*k**3/3 + 9*k**2 + 36*k - 239. Determine b(-16).
4
Let c be ((-1 + -1)/4)/((-17)/(-136)). Let p be (-3)/((-3)/5)*c/(-10). Let t(i) = i**2 - i + 1. Let r(b) = -b**2 + b. Let d(h) = -r(h) + t(h). Determine d(p).
5
Let n(r) be the second derivative of r**4/12 + 11*r. Let z(q) = 6*q**2 - 5*q + 2. Let a(j) = 5*n(j) - z(j). What is a(5)?
-2
Let o = -29 - -70. Let a = -1 + -35. Let r = o + a. Let h(f) = f**3 - 6*f**2 + 6*f. Determine h(r).
5
Let z(j) be the third derivative of j**5/60 + j**4/8 + j**3/2 + 2*j**2 + 69*j. Suppose 5*q + 25 = -3*b, 2*q = 3*b + 1 + 10. Calculate z(q).
1
Let y = 113 + -38. Let x = y - 73. Let f(s) = -s + 4. Determine f(x).
2
Let m(h) = 5*h - 37 - 5*h + h + 31. What is m(3)?
-3
Let a(t) = -t**3 - 4*t**2 + 12*t. Suppose 70*d - 60*d = -60. What is a(d)?
0
Let x(k) = -k**3 - 6*k**2 + 8*k + 8. Let w = -67 - -44. Let a = 2 + 14. Let d = a + w. Determine x(d).
1
Let r(y) = -y**2 - y - 11. Let f(k) = k**2 + 2*k + 12. Let i(q) = -5*f(q) - 6*r(q). What is i(3)?
3
Let i(g) = -5*g**2 - 3 + 2*g**2 + g - 7*g + 9*g. What is i(2)?
-9
Let x(i) be the third derivative of -i**9/30240 + i**8/20160 + i**5/5 + 20*i**2. Let d(b) be the third derivative of x(b). Calculate d(1).
-1
Suppose 2*i + 0*i = 0. Let l(q) = 5*q + 51. Let m be l(-10). Let n(z) = -z + 1 + 4 - 3 - m. What is n(i)?
1
Let j(s) = s**3 + 5*s**2 - 2*s - 5. Let a(g) = -6*g**3 - 25*g**2 + 11*g + 24. Let l(c) = 2*a(c) + 11*j(c). Determine l(5).
-7
Let k(v) = 202*v - 104*v - 1 - 99*v. Calculate k(-3).
2
Let s(q) = q + 8. Let k(i) = i. Let u(y) = -2*k(y) + s(y). Suppose -4*f - 84 = -8*f. Suppose 0 = 2*j + p - 9, -3*j - j - p = -f. Give u(j).
2
Let h(a) = -a**3 + 6*a**2 - 4*a - 3. Let n be h(5). Let v(b) = b**2 - 49 - n*b**2 + 57 + 3*b. Calculate v(6).
-10
Let l(x) = 3*x**2 - 8*x. Suppose -2*y + 6*y + 20 = 0. Let u(k) = -7*k**2 + 17*k - 1. Suppose 5*t + 4 = 3*t. Let q(d) = t*u(d) + y*l(d). What is q(6)?
2
Let v(w) = 0*w**2 - 4 + 6 - w**2. Let q = 44 + -80. Let n = q - -39. What is v(n)?
-7
Let a(m) = m**2 - m - 7. Suppose 5*z - 2*y = 4, z - 5*y + 2 = 12. Let s be -1 + z/(-1) + 0 + 1. What is a(s)?
-7
Let b(v) = -2*v - 3. Suppose 20*f = 5*f - 75. What is b(f)?
7
Let j(r) = 4*r - 22*r**2 - 27*r - 5*r**3 - 2*r**2 + 7 + 4*r**3. Let w be j(-23). Let k(b) = b**2 - 11*b + 10. Determine k(w).
-18
Suppose 5*r - 11*r + 42 = 0. Let w(a) = a**2 - 8*a + 9. What is w(r)?
2
Suppose 2*u + 0 - 10 = 0. Let m(b) = -5*b**2 - 3 - b + 1 + u*b + 3 + b**3. Give m(4).
1
Let d(k) = 2*k**2 + 4*k - 4 - 2*k**3 - 5*k + 6. Let m(r) = 3*r + 35. Let v be m(-11). What is d(v)?
-8
Let p(k) = -10*k + 21. Let q be 2 - (-6 - -6 - 4). Determine p(q).
-39
Let i(c) = c**3 - 5*c**2 + 4*c + 2. Let s be 2 + ((-32)/4)/1. Let k(r) = r**3 + 7*r**2 + 4*r - 8. Let o be k(s). What is i(o)?
2
Let b(i) = i**3 - 5*i**2 - 5*i - 8. Let g(k) = -10*k - 4. Suppose -2 = t, -2*y - t - 3*t = 10. Let n be g(y). Give b(n).
-2
Let v(x) = -x**3 - 7*x**3 + 2 - x - 2. Let k = 7 + 3. Let s = 11 - k. Calculate v(s).
-9
Let z be (2/8 + (-85)/20)/(-2). Let m(w) = -w - 1. Determine m(z).
-3
Let c(p) be the third derivative of -p**6/120 - 3*p**5/20 + p**4/6 + 11*p**3/3 - p**2 + 506*p. Determine c(-9).
-14
Let x(f) = 10*f - 114. Let q be x(12). Let o(h) = -2*h + 13. Give o(q).
1
Suppose -n = -2*q + 23 - 3, -8 = 4*n. Let k(c) = c**2 - 12*c - 2. Give k(q).
-29
Let r(m) = -12*m**2 - 34*m + 12. Let c(h) = 7*h**2 + 17*h - 7. Let f(y) = 5*c(y) + 3*r(y). Determine f(-17).
1
Let x(v) be the third derivative of v**6/120 + v**5/20 - v**4/4 - v**3/2 - v**2. Let s = 201 - 205. What is x(s)?
5
Suppose 2*g = 4*g. Suppose -4*n - 3*b + 0 - 4 = g, -12 = -4*n + b. Let s(q) = q**2 + q + 2. Give s(n).
8
Let u(x) be the third derivative of -x**5/60 + 7*x**4/24 + x**3/2 - x**2 - 174*x. What is u(5)?
13
Let m be 2/4*(-14 + (-7 - -13)). Let x(o) = 6*o. Give x(m).
-24
Suppose -1 = 8*z - 1. Let v(k) = -k**3 + k**2 + 2*k - 6. What is v(z)?
-6
Let g(c) = -27 - c**2 + 12 + 10. Calculate g(-4).
-21
Suppose 3*z - 5*z - 6 = 0. Let o(v) = 13*v**2 + 4*v - 20. Let q(l) = -6*l**2 - 2*l + 9. Let a(n) = 4*o(n) + 9*q(n). What is a(z)?
-11
Let r(t) = 26*t + 20. Let a(u) = 9*u + 7. Let z(j) = -8*a(j) + 3*r(j). Let o(x) = -5*x - 3. Let c(v) = 5*o(v) + 4*z(v). What is c(8)?
-7
Let g(u) = -u**2 - 18. Suppose -5*c + 8 = -2*y, -24*c + 28*c - 16 = 4*y. Determine g(c).
-18
Let j(m) = 11*m + 63. Let k(i) = -4*i - 21. Let p(w) = 6*j(w) + 17*k(w). Give p(5).
11
Let q(g) = 11*g + 1. Let z(n) = 26*n + 3. Let y(r) = 5*q(r) - 2*z(r). Determine y(1).
2
Let d(s) be the second derivative of -11*s**4/12 + 2*s**3 - 3*s**2 - 7*s + 1. Let c(z) = 5*z**2 - 6*z + 3. Let k(q) = 9*c(q) + 4*d(q). Determine k(2).
-5
Let t be (-67)/335*(-10)/4. Let g(x) be the first derivative of 4 - 6*x + t*x**2. What is g(7)?
1
Let w(c) = -c**2 - 8. Let x be -3 - -16 - (1 - -2). Suppose -15*q = -11*q - 40. Let u = q - x. Calculate w(u).
-8
Let l(y) = -y**3 + 4*y**2 + 7*y - 7. Suppose -2*t + 2*j = -4 - 2, -5*j = 5*t - 35. Suppose 4*w + z - 19 = 0, -9 = -2*w - t*z - 4. Determine l(w).
3
Let w = 1192 + -1190. Let c(m) = -m**3 + 3*m**2 - 2*m + 2. What is c(w)?
2
Let b(q) = -q**3 - 12*q**2 + 8*q + 12. Let w(v) = 5*v**3 + 62*v**2 - 39*v - 61. Let r(s) = 11*b(s) + 2*w(s). Calculate r(-9).
1
Let v(z) = 0 + 2*z**2 + 4*z**2 + 1. Let k = -41 - -44. Let n(x) = x**3 - 2*x**2 - 4*x + 4. Let j be n(k). Determine v(j).
7
Let f(q) = q - 5*q**2 + 4 + q**3 - 1 + 0. Suppose 3*t = -0*t + 9. Suppose t*n - 13 - 2 = 0. Give f(n).
8
Let t be (-11)/(-4) + 16/64. Let g(b) = b**2 + 5 + 6*b + 1 - t. Calculate g(-4).
-5
Let w(n) = -n**2 + 13*n - 8. Suppose -4*r + 8 = z + 1, 2*r = -z + 9. Determine w(z).
14
Let m = 10 - 12. Let n be (-24)/(-4) - (m + 2). Let i(r) = -5*r**2 + r + 2. Let g(d) = -11*d**2 + d + 5. Let s(x) = n*g(x) - 13*i(x). What is s(-6)?
10
Let d(c) be the third derivative of 1/3*c**3 - 5/24*c**4 + 0*c - 1/60*c**5 + 0 - 35*c**2. Suppose -y = 5*f - 4*y + 18, 2*y + 8 = 0. What is d(f)?
-4
Let u(r) = -r**3 + 7*r**2 + 11*r - 26. Let z(w) = 13*w + 957. Let l be z(-73). Determine u(l).
-2
Let h(o) be the third derivative of -1/20*o**5 - 2*o - 15*o**2 - 1/8*o**4 + 0 + 1/3*o**3. Give h(2).
-16
Let g(h) be the first derivative of -h**3/3 + 9*h**2/2 - 2*h - 5. Calculate g(7).
12
Let r(m) = 3*m - 3*m**3 - 13*m**2 + 220 + 4*m**3 - 512 + 249. What is r(13)?
-4
Let u(q) = q**3 + 98981 + 3*q - 98984 + q**3 + 3*q**2 - 6*q**2. Let i(k) = k + 5. Let n be (-1 + -1)*(-6)/(-4). Let b be i(n). Calculate u(b).
7
Let d(s) = 11*s**2 + 21*s - 10. Let p(c) = 4*c**2 + 7*c - 3. Let x(t) = 3*d(t) - 8*p(t). Give x(4).
38
Let n(f) be the first derivative of 1/2*f**2 + 2*f + 4. Let d(r) = 11*r - 11. Let u be d(1). What is n(u)?
2
Let o(d) = 4*d - 7. Let q(w) = w. Let b(n) = o(n) + 2*q(n). Let v = -770 - -764. Let c(a) = 12*a - 13. Let u(i) = v*c(i) + 11*b(i). Calculate u(-1).
7
Let u(p) be the third derivative of 5*p**2 - p**3 + 1/60*p**5 + 0*p + 0 - 1/24*p**4. Determine u(-5).
24
Let w(d) = -2*d**2 + 3. Suppose 7*l + 810 = 169*l. What is w(l)?
-47
Let a(i) = -i + 22. Let u be a(-11). Let r(k) = 2 - k**2 - u*k + 17*k + 8*k. Determine r(-8).
2
Let h(s) be the third derivative of -1/120*s**6 - 1/3*s**3 + 1/30*s**5 + 15*s**2 + 1/12*s**4 + 0 + 0*s. Give h(2).
2
Let i(z) = z**3 + 7*z**2 + 7*z + 6. Let o = 20 + -16. Let h be (10/o)/(2/20). Suppose 5*f + 5 = -h. Determine i(f).
0
Let b = -745 - -738. Let g(s) = s**3 + 8*s**2 + 7*s. What is g(b)?
0
Let v(j) be the third derivative of -1/8*j**4 + 0 + 1/60*j**5 - j**3 + 12*j**2 + 0*j. Give v(5).
4
Let u(z) = 2 - 3*z**2 + 15 + 4*z**2 - 2*z**2 + 41*z - 37*z. Calculate u(6).
5
Let t(k) be the second derivative of -5/2*k**2 - k + 2/3*k**3 + 0 - 1/12*k**4. What is t(5)?
-10
Let p(j) be the third derivative of -j**5/60 + j**4/3 + 9*j**3/2 + 268*j**2. Calculate p(11).
-6
Let z(j) = -16*j**2 + j**2 - j**3 - 1 + 13*j**2. Let o(v) = -2*v**3 - 3*v**2 - 2. Let x(g) = -3*o(g) + 4*z(g). Give x(-2).
-10
Suppose 0 = -n + 4*i - 18, n = -4*n - 4*i + 30. Suppose 4*r = -k + 20, 0